 -4*v + 2*h + 64, -3*v - h = 2*h - 30. Suppose -v*q = -19*q + 85. What is the tens digit of q?
1
Let p = -397 - -983. What is the hundreds digit of p?
5
Let b be 10/(-8)*(27 + 1). What is the tens digit of 10/b - (-4768)/28?
7
Let o be (-5)/(5/(-15)*3). Suppose o*a - 105 = 5*g, -6*a + a + 121 = 3*g. What is the units digit of a?
3
What is the hundreds digit of -3 - -91*28/7?
3
Suppose 106*q - 24193 = 93*q. What is the thousands digit of q?
1
Let y = 1042 + -739. What is the units digit of y?
3
Suppose 0 = -4*z + k + 14, -2*z = -5*k - 19 + 3. Suppose r - 606 = -4*r + z*d, 4*d - 592 = -5*r. Suppose -2*g = 4*g - r. What is the units digit of g?
0
Let r(f) = -f**2 + 8*f - 10. Let l be r(5). What is the tens digit of (-76*l/(-30))/(4/30)?
9
What is the hundreds digit of 2112 + 3 + -7 - -6?
1
Let f be 129/(-1 + (-2)/4). Let b = f - -158. What is the tens digit of b?
7
Let z be ((-6)/(-4))/((-4)/24). Let g = z - -158. What is the units digit of g?
9
Let m = -10 + 13. What is the tens digit of (3 - (-18 + m)) + (-2 - -5)?
2
Suppose q + 36 = -2*q - 2*m, -q + 1 = 5*m. Let k = -14 - q. Suppose k = -6*v + 2*v + 232. What is the tens digit of v?
5
Let o(m) be the first derivative of 5*m**2 - 36*m - 2. What is the tens digit of o(8)?
4
Let i = 12 - 6. Suppose -4*x = -i*x + 12. What is the units digit of x?
6
Let g be -12*((-18)/(-8) - 0). Let z = g + 72. Let f = 95 - z. What is the units digit of f?
0
Let y = 165 + -54. What is the tens digit of y?
1
Suppose 0*b - 3*x = -2*b + 31, -4*b - 5*x = -73. Let d = b + -15. What is the tens digit of d/(-8) + 308/16?
1
Let s(p) = p - 6. Let m be s(6). Suppose m = -4*o - 56 + 228. What is the tens digit of o?
4
Let t be -55*(4 + 72/(-15)). Suppose -5*o + 15 = 5*x, 4*o - t = 5*x - x. What is the units digit of 205/o - 20/70?
9
Let x = 928 + -383. What is the units digit of x?
5
Suppose -2*y - 6 = -18. Suppose 2*h = -y, -8*x + 6*x + h + 337 = 0. What is the hundreds digit of x?
1
Let q(t) = -t**3 - t**2 - t + 35. Let c be q(0). What is the units digit of (7 - 5) + c + -1?
6
Suppose -5*d = -11*d + 930. What is the tens digit of d?
5
What is the hundreds digit of 5/170*10510 - 14/119?
3
Let j(x) = x**2 - x - 2. Let q be j(2). Suppose -g = -h - 3, q = g - 2*h - 5 + 3. What is the units digit of ((6*g)/2)/2?
6
Let d = -37 + 43. Let z be (13 + -10)*(1 + 0). Suppose -d*i = -4*i + 2, 4*o + z*i = 13. What is the units digit of o?
4
Suppose -59*o + 484 = -55*o. What is the units digit of o?
1
Let j be (3/(-4))/((-5)/20). Suppose j*t = 2*t. Suppose t = -5*c + 5. What is the units digit of c?
1
Let r be (-1)/4 - 203/(-28). Suppose 3*b + r = 19, -y - 2*b = 0. Let u(t) = t**2 + 6*t + 5. What is the tens digit of u(y)?
2
Let w(x) = 1 - 4 - x - 3*x - 4. What is the tens digit of w(-11)?
3
Suppose 98345 = 34*w + 55*w. What is the tens digit of w?
0
Let d = 3045 - 727. What is the units digit of d?
8
Suppose 3*r + 668 = -5*n, -5*r - n + 220 = -6*r. Let j = -61 - r. What is the tens digit of j?
6
Suppose 4*o - 26 = 3*t + 35, 25 = -5*o. Let s = -25 - t. Suppose z + 45 = s*z. What is the units digit of z?
5
Suppose -119 = -2*j - 2*i + i, 4*j = i + 223. Let k be (22/(-33))/(4/186*1). Let q = j + k. What is the tens digit of q?
2
What is the units digit of (-141410)/(-34) - (-114)/(-969)?
9
Let b = 218 + -124. Let x = b + 12. What is the hundreds digit of x?
1
Suppose 0 = 7*j - 28. What is the units digit of -3 + (-4 - -372)/j?
9
Suppose 5*c = 2*v + 20, 12 = 3*v + 3*c - 0*c. Let t be v - (-2 - -3)*-3. What is the tens digit of (-1 - -22)/(t/2)?
1
Suppose 3*j - 27 = -9. Let p be (j/(-5))/(4/120). Let w = 83 + p. What is the units digit of w?
7
Let d(n) = 0*n - 2 - 4 + n + 5. Let y be d(-4). Let m(v) = v**3 + 6*v**2 + 5*v + 12. What is the tens digit of m(y)?
1
Suppose 3*b - 6*b = -36. What is the tens digit of (-4)/b*-211 + (-2)/(-3)?
7
Let v = 4 - 0. Let j be -2*4/8 - v. What is the units digit of j/(-20) - (-70)/8?
9
Let b be -3 + -1 + 1 + 7. Suppose 4*t = y + 2 - 4, -3*y + 6 = b*t. Suppose 4*p + y*j = 150, 0*j = p + 4*j - 41. What is the units digit of p?
7
Suppose -m = -0*m - 2*w - 182, -5*m - 5*w + 850 = 0. What is the hundreds digit of m?
1
Let g = 11 - 111. Let k = 205 + g. What is the tens digit of k?
0
Let j = 36 + -10. Suppose j = 2*a - 22. What is the tens digit of a?
2
Suppose a + a = 10. Suppose a*g = -4*x + 2*g + 43, 42 = 3*x - g. What is the tens digit of x?
1
Let h be 16 - ((-6)/2 + 6). Let z(p) be the first derivative of p**4/4 - 14*p**3/3 + 17*p**2/2 + 4*p + 1. What is the tens digit of z(h)?
5
Let f be 3*(-2)/((-2)/1). Suppose -33 = -3*v - 0*v - 5*t, t = f*v - 15. Let n = 16 - v. What is the tens digit of n?
1
Let q(m) = 18*m**3 + 18*m**2 - 69*m + 14. What is the hundreds digit of q(6)?
1
Suppose 14 = -5*x + 3*x. Let i be 528/52 - 2/13. Let z = x + i. What is the units digit of z?
3
Let a = 1794 + -1853. Let w be (1/2)/(2/348). Let r = w + a. What is the units digit of r?
8
Suppose 0 = -5*x + 11 + 29. What is the units digit of x?
8
Let k(f) = -8*f - 5. Let o be k(-1). Suppose o*q - 532 = -q. What is the hundreds digit of q?
1
Let x(o) = o**2 - o + 1. Let u(r) = 3*r**2 - 19*r - 3. Let k(d) = -u(d) + 2*x(d). What is the units digit of k(16)?
1
Let f(i) = -3*i - 4. Let v(l) = l**3 - 4*l**2 + 2*l - 5. Let s be v(3). Let a be s + 0 + 2 + 0. What is the tens digit of f(a)?
1
Suppose l = 2*l. Suppose l = 3*c - 150 + 54. What is the tens digit of c?
3
Suppose 0 = 12*a - 7*a - 1695. What is the tens digit of a?
3
Let y = -110 + 45. Let s = y + 246. What is the hundreds digit of s?
1
Let f(w) = 2*w**3 - 8*w**2 - 8*w - 10. Let p be f(5). What is the units digit of (-1 - (-71 + -3))*(1 + p)?
3
Let p be 60/150 - (0 - (-467)/5). Let f = 179 + p. What is the units digit of f?
6
Suppose -321 - 1227 = -12*h. What is the tens digit of h?
2
Let i(l) be the first derivative of l**4/4 - l**2/2 + 2*l - 2. Let p be i(0). Suppose -12 = -h - 0*o + 4*o, -p*h + 5*o + 39 = 0. What is the tens digit of h?
3
Let h(r) = 5*r**3 - r**2 + 2*r. Let l be h(2). Let w = 52 - l. What is the tens digit of w?
1
Let h(i) = -3*i. Let w be h(4). Let x be (-1)/(-4) - w/16. What is the tens digit of (9 - x)*2*1?
1
Let l(p) = 3*p + 6. Let j be (-102)/(-5) - (-18)/30. Let c = j + -14. What is the units digit of l(c)?
7
Let w be ((-36)/(-3))/3*1. Suppose -2*n + 228 = -2*b + 4*b, w*n - 460 = -5*b. What is the hundreds digit of n?
1
Suppose 5*s = -4*w + 94, 35 = 4*s + w - 38. Suppose 2*z = -1 - 7, -l - s = 5*z. Suppose -2*p - l*g - 7 = -p, -19 = -3*p + 2*g. What is the units digit of p?
3
Suppose -2*f = -3*f + 57. Suppose f = 2*y + 19. Let j = y + -9. What is the tens digit of j?
1
Let v be -1 + 1 + (-2)/1. Let m be 3 + v/(-4)*0. Suppose q + 84 = m*q. What is the units digit of q?
2
Let b = 80 + -255. Let f = 306 + b. What is the tens digit of f?
3
Let v(f) = -f**3 - 9*f**2 - f - 7. Let z be v(-9). Let d be (-1 - -1)/z + -7. Let w = d + 11. What is the units digit of w?
4
Let l(w) = -75 + 18*w - 65 + 117. What is the tens digit of l(8)?
2
Suppose -5*k - 525 = -5*u, 122 = 5*u + 4*k - 421. Let v = 33 + u. What is the units digit of v?
0
Let y be 5*(16/20)/1. What is the tens digit of (y + (-22)/4)*-12?
1
Suppose 0 = 2*h - 15 - 19. What is the tens digit of h?
1
Suppose -s - 16 = -60. Suppose -2*a - s = -0*v + v, 190 = -4*v - a. Let d = v + 68. What is the units digit of d?
0
Let i(d) = d**2 - 17*d - 358. What is the tens digit of i(32)?
2
Let b = 3 + -1. Suppose -486 = -b*r - 4*r. What is the units digit of r?
1
Let s = 21 + -36. What is the units digit of (-680)/s*6/(-8)*-2?
8
Suppose 0 = 2*m + 3*o - 3, o - 4 = -4*m + 7. Suppose s + 234 = 4*y, -m*y - y + 238 = -3*s. What is the units digit of y?
8
Let c be -10*((-9)/(-6) + -2). Suppose 2*x + c*f = 22, 0 = -2*x - 4*f - 3 + 25. What is the tens digit of x?
1
Let g be (2/6)/((-8)/24). Let o(i) = -4*i + 1. Let w be o(g). Suppose -z = -w*f - 4 - 12, -2*f - 16 = -z. What is the tens digit of z?
1
Let a(d) = 218*d**3 - 3*d**2 + 6*d - 4. What is the hundreds digit of a(2)?
7
Let v(a) = 6*a**2 + 5*a + 6. Let c be v(-4). Let k = 46 + c. Suppose 0 = -5*g + 5*s + 130, -7*g = -2*g - 4*s - k. What is the tens digit of g?
2
Let n(z) be the first derivative of 1/3*z**3 - 3/2*z**2 - 6*z - 1. What is the tens digit of n(6)?
1
Suppose -4